se
Let f be 6/33 + (-2)/11. Suppose f = -2*g - 2*g + 36. Is g prime?
False
Let u(r) = -r**3 - 5*r**2 - 7*r + 2. Suppose -3*t + 3*x = 2 + 19, 30 = -4*t + 5*x. Is u(t) a composite number?
False
Let r(z) = 23*z**2 + z - 1. Let b(l) = 70*l**2 + 3*l - 4. Let a(i) = -2*b(i) + 7*r(i). Is a(-2) composite?
False
Suppose 2*c = -b - 3 + 7, 4*c - 4*b - 20 = 0. Suppose 0 = c*u - 7*u + 476. Is u composite?
True
Suppose 0 = -5*f + 10*f. Suppose f = -2*w - u + 109, 3*w + 4*u - u = 168. Is w a prime number?
True
Let y be 2 - -3 - 0/1. Suppose -92 = y*o - 257. Is o prime?
False
Is 14121/21 + (-16)/(-28) a prime number?
True
Suppose 4*v - 4*l = 12, -3*v + 0*v = 3*l - 15. Let z be ((-2)/v)/(6/96). Let f = z + 22. Is f composite?
True
Let l(a) be the first derivative of -a**2/2 - 7*a + 1. Let j(t) = -6. Let r(u) = -4*j(u) + 3*l(u). Is r(-6) a prime number?
False
Is (0 - 1)/(11/(-539)) a prime number?
False
Let w be 5 + -2 + (0 - 1). Suppose -w*f = -3*f + 31. Is f a composite number?
False
Let g = -54 - -113. Is g composite?
False
Suppose 5*m - m - 6628 = 0. Is m prime?
True
Let a(i) = -47*i - 1. Let h be a(4). Let d = 400 + h. Is d composite?
False
Let s be 2*(-3)/6 + 1. Suppose -3*t - 6 + 63 = s. Suppose -f - 3*j = -0*f - t, 19 = 5*f - 4*j. Is f a prime number?
True
Let f(t) = t**2 + 3*t + 2. Let o be -1*(-1)/(-1) + -7. Let s be f(o). Let w = s + -19. Is w a composite number?
False
Suppose -16*b = -22*b + 4422. Is b a composite number?
True
Suppose -160*l = -159*l - 739. Is l a composite number?
False
Is 11688/36*(-3)/(-2) a composite number?
False
Suppose -x + 4 = j, -3*j - x = j - 10. Is (-1 + j)*(92 - -5) composite?
False
Let d = 9 - 3. Let f(c) = -2*c - 5. Let t be f(d). Is (t - 2)*(-2 - -1) a prime number?
True
Let n(y) = y**3 - 7*y**2 - 4*y + 1. Let u be n(7). Let d be u/(-12)*(-16)/(-6). Is ((-4)/2)/(d/(-357)) a composite number?
True
Let t(f) = f**2 + 6*f - 5. Let g be t(-7). Suppose g*i = -i. Suppose i = 2*y + 2*y - 308. Is y a composite number?
True
Suppose -7*u = -3*u - 5572. Is u a composite number?
True
Let u = 1611 + -836. Is u/7 + (-12)/(-42) a prime number?
False
Let y(t) = t**3 - t**2 + t - 115. Let i be y(0). Is (0 - (-9)/(-15))*i prime?
False
Suppose -i + 25 = -3*i + 5*c, 2*c = -5*i - 19. Let u = -5 - i. Is u*2/(-6) - -11 composite?
False
Is 2/11 - 162045/(-99) a composite number?
False
Is (-2 + 15)*(-1 + 6) a composite number?
True
Let p be -11 - -2*(-1)/(-2). Let f = p - -12. Is f a prime number?
True
Let f(t) = 0 + t**2 + 1 - 2*t + 0 - 2*t. Is f(-3) a prime number?
False
Let v be (-10)/50 - 5412/(-10). Let f = v - 210. Is f prime?
True
Suppose -27 + 2 = -5*o, 4*o - 8 = 4*c. Suppose d = c, -3*j + d + 237 = 3*d. Let w = j + 86. Is w composite?
False
Suppose -7 = -r + h, h - 5 = -3*r - 0. Suppose -a - 72 = -r*a. Suppose -5*l = -a - 69. Is l a prime number?
False
Let r(z) = 8*z**2 + 8*z + 3. Let t be (-12)/36 + 20/(-3). Is r(t) a composite number?
True
Suppose a - 958 = -a. Is a a composite number?
False
Let p be (-1 - 3)*(-6)/8. Suppose -a - p*a = 120. Let f = a + 44. Is f a composite number?
True
Let p(r) = -180*r - 73. Is p(-7) a composite number?
False
Suppose 141073 - 25663 = 6*p. Is p prime?
False
Let r(n) = 57*n - 10. Is r(4) prime?
False
Let a be 9/(-2) + (-1)/(-2). Let o = 3 + a. Is (2 + o)*(35 + 2) composite?
False
Let k(w) = 15*w. Let r be k(1). Let c be (-7)/5 - (-6)/r. Is 106/3 + c/3 prime?
False
Is (-30)/(-20) - (-1966)/4 a composite number?
True
Suppose 3*j + 9 = 0, 4*q - 8 - 6 = -2*j. Let s = q + -1. Suppose 5*o = w - 80, -o + 205 = s*w + 2*o. Is w a prime number?
False
Suppose y + 2*f = 8, y + 2*f - 4 = -2*y. Let d = 7 + y. Is 2/d + 108/5 a prime number?
False
Let o = -7 + 10. Let f(x) = 9*x - 1. Is f(o) a composite number?
True
Let i(d) = 22*d. Let s be i(7). Let j = s + -57. Is j prime?
True
Let a(b) = -124*b**2 - 4*b + 5. Let t(o) = 247*o**2 + 9*o - 11. Let p(g) = -9*a(g) - 4*t(g). Is p(1) a composite number?
False
Suppose 0 = y - 1, i - 2*i + 90 = -3*y. Is i prime?
False
Let d(i) = -33*i - 5. Is d(-8) composite?
True
Let p(x) = 56*x**2 + 5*x + 11. Is p(-4) composite?
False
Let p = 1135 - 348. Is p composite?
False
Suppose -7*q = -8*q + 2999. Is q composite?
False
Suppose 3*l = -2*q + 269, 60 + 82 = q + 3*l. Is q a composite number?
False
Let k = 0 - -1. Suppose 0*y = y + k. Let i(o) = -19*o**3 - o**2 + 1. Is i(y) prime?
True
Let b(c) = -37*c**2 + 2*c - 1. Let j(i) = 55*i**2 - 3*i + 1. Let l(s) = -8*b(s) - 5*j(s). Is l(4) prime?
False
Let d be 43*2/4*2. Let o = 63 - d. Is o - (-3)/(1/1) composite?
False
Let t(y) = 8*y**3 - y**2 - 2*y - 12. Is t(5) a composite number?
False
Let v = 12 - 9. Suppose 4*g + 5*w = 291 + 20, -g + 82 = -v*w. Is g prime?
True
Let g be (-3)/12 + 196/16. Suppose -3*n + g = -n. Is n prime?
False
Let h(n) = 218*n**3 + n**2 - 2*n + 1. Let c be h(1). Suppose 4*o - c = -g - g, 2*o = 5*g - 581. Is g composite?
True
Suppose 2*q + 122 + 16 = 0. Let p = 100 + q. Is p composite?
False
Is 3 - -2 - (-640 - 4) composite?
True
Let w(s) be the third derivative of s**5/6 + 5*s**4/24 + 2*s**3/3 - 7*s**2. Is w(-3) a composite number?
False
Let n(k) = -9*k - 19*k + 8*k + 3. Let j(y) = 39*y - 7. Let v(a) = 2*j(a) + 5*n(a). Is v(-4) prime?
True
Is (-1947)/22*4/(-6) composite?
False
Suppose 0 = 3*c - b - 11, -5*c - 2 = 3*b - 25. Let h = 159 - 25. Is h/(c + -1 + -1) a composite number?
False
Suppose t - 7 = -3*r, -2*t + 0*t - 1 = r. Suppose -r*q + 2*q + 3 = 0. Let u(p) = 2*p**3 + p**2 - 3*p - 1. Is u(q) a composite number?
False
Let u(v) = -36*v + 5. Let f be 1 - (-3)/(3/(-8)). Is u(f) prime?
True
Let t(c) = c**3 + 9*c**2 - c + 2. Let q be t(-9). Suppose 0 = -2*x - z - 339, -6*z = -3*x - q*z - 526. Let y = -84 - x. Is y a prime number?
True
Suppose -4*o + 7 = -4*a - 1, 46 = -5*a - 4*o. Let d(g) = 6*g**2 - 8*g - 7. Is d(a) a prime number?
True
Suppose -4*c = -3*k - 3019, 3291 = 5*c + 3*k - 449. Is c a prime number?
True
Is (-12243)/(-9) + ((-20)/6)/(-5) a composite number?
False
Suppose -5*t + 80 = -t. Let g = -7 + t. Is g composite?
False
Let b(c) = -50*c + 1. Is b(-14) composite?
False
Let b(d) = d**3 - 16*d**2 + 18*d + 19. Is b(16) a composite number?
False
Let t = 24 + 199. Is t prime?
True
Let t(z) = 4*z**3 - 4*z**2 + 4*z - 2. Is t(2) prime?
False
Suppose 4023 + 1788 = 13*m. Is m composite?
True
Let i(g) = -g**3 - g**2 + 2. Let t be i(0). Let s = t + 1. Suppose 4*q + 31 = s*y - 14, 63 = 3*y + 2*q. Is y a prime number?
True
Let u = 280 - 130. Suppose 3*b + 3*t - u = 0, 0*t + 6 = 2*t. Is b composite?
False
Suppose c = b + 1 - 2, -4*b - 4*c + 4 = 0. Let h be ((-4)/(-8))/(b/(-12)). Is 153/h*(-8)/6 prime?
False
Suppose 2 - 1 = -k. Let m be 0 + (k + 2)/1. Is m/5 - 384/(-5) prime?
False
Let r(n) be the second derivative of -1/2*n**4 + 2*n + 5*n**2 + 1/20*n**5 + 0 - 2/3*n**3. Is r(7) a composite number?
False
Suppose g = 1, -2*d - 4*g - 1 + 9 = 0. Suppose -3*s = -2*s + d*c - 11, -c - 19 = -3*s. Is s composite?
False
Suppose -2 = 2*d - 8. Let t(a) = -d*a**2 + 4*a**2 - 2 + 7*a**2 + a**2. Is t(-3) a prime number?
True
Is ((-3588)/8 - -5)/((-2)/4) a prime number?
True
Let b(o) = -o**2 - 4*o + 1. Let j be b(-3). Let g = j + 261. Is g prime?
False
Suppose 3*w - 2*w = 0. Suppose 5*r - 2 - 33 = w. Is r a composite number?
False
Suppose 0 = -11*l + 12*l - 781. Is l prime?
False
Suppose -5*m = n + 6 - 19, -5*m + 19 = 3*n. Let u be (-18)/(-4) - 1/m. Suppose 4*z - 128 = f, -148 = -z - 3*z - u*f. Is z composite?
True
Let h(x) = x**3 + x**2 - 5*x + 4. Let k(q) = q**3 + 8*q**2 - 2*q - 6. Let o be k(-8). Let u = -7 + o. Is h(u) prime?
False
Suppose 173 = 3*g - 2440. Is g a composite number?
True
Suppose 3*l - b - 44 = -4, 3*b = -5*l + 62. Let a(m) = l*m - 4 + 0 + 5 + 1. Is a(5) a composite number?
False
Let i = 12 - -15. Is 1479/i - 2/(-9) composite?
True
Suppose 3*z - 42 = -0*z. Let y be (-6)/2 - z/(-7). Is 99/(0 - 3)*y a composite number?
True
Let u(b) = -b**3 - 10*b**2 + 4*b - 2. Let q(d) = d**2 + 1. Let a(t) = -4*q(t) - u(t). Is a(5) prime?
False
Let d = 233 + -156. Is d composite?
True
Let f(r) = 9*r**2 + 2*r + 4. Suppose -5*j + 2*j = -4*z + 9, 4*j + 5*z + 12 = 0. Is f(j) a composite number?
False
Is 94 + 5/((-15)/(-9)) a composite number?
False
Let u(i) = 2*i**2 + 2*i + 5. Suppose 2*j = -2*v - 8, -3*j + 3*v - 19 = 11. Is u(j) a compos